{"id":8734,"date":"2020-10-07T11:56:21","date_gmt":"2020-10-07T11:56:21","guid":{"rendered":"http:\/\/pepitta.odnet.com.br\/index.php\/product\/brinco-gota-pedras-e-perola\/"},"modified":"2020-10-07T11:56:35","modified_gmt":"2020-10-07T11:56:35","slug":"brinco-gota-pedras-e-perola","status":"publish","type":"product","link":"http:\/\/pepitta.odnet.com.br\/index.php\/product\/brinco-gota-pedras-e-perola\/","title":{"rendered":"Brinco Gota Pedras e P\u00e9rola"},"content":{"rendered":"<p>As p\u00e9rolas s\u00e3o tend\u00eancia que nunca saem de moda! Aposte neste cl\u00e1ssico.<\/p>\n","protected":false},"excerpt":{"rendered":"<p>As p\u00e9rolas s\u00e3o tend\u00eancia que nunca saem de moda! Aposte neste cl\u00e1ssico.<\/p>\n","protected":false},"featured_media":8733,"comment_status":"open","ping_status":"closed","template":"","meta":[],"yoast_head":"<!-- This site is optimized with the Yoast SEO plugin v15.0 - https:\/\/yoast.com\/wordpress\/plugins\/seo\/ -->\n<title>Brinco Gota Pedras e P\u00e9rola - Pepitta Store<\/title>\n<meta name=\"robots\" content=\"index, follow, max-snippet:-1, max-image-preview:large, max-video-preview:-1\" \/>\n<link rel=\"canonical\" href=\"http:\/\/pepitta.odnet.com.br\/index.php\/product\/brinco-gota-pedras-e-perola\/\" \/>\n<meta property=\"og:locale\" content=\"pt_BR\" \/>\n<meta property=\"og:type\" content=\"article\" \/>\n<meta property=\"og:title\" content=\"Brinco Gota Pedras e P\u00e9rola - Pepitta Store\" \/>\n<meta property=\"og:description\" content=\"As p\u00e9rolas s\u00e3o tend\u00eancia que nunca saem de moda! Aposte neste cl\u00e1ssico.\" \/>\n<meta property=\"og:url\" content=\"http:\/\/pepitta.odnet.com.br\/index.php\/product\/brinco-gota-pedras-e-perola\/\" \/>\n<meta property=\"og:site_name\" content=\"Pepitta Store\" \/>\n<meta property=\"article:modified_time\" content=\"2020-10-07T11:56:35+00:00\" \/>\n<meta name=\"twitter:card\" content=\"summary_large_image\" \/>\n<script type=\"application\/ld+json\" class=\"yoast-schema-graph\">{\"@context\":\"https:\/\/schema.org\",\"@graph\":[{\"@type\":\"WebSite\",\"@id\":\"http:\/\/pepitta.odnet.com.br\/#website\",\"url\":\"http:\/\/pepitta.odnet.com.br\/\",\"name\":\"Pepitta Store\",\"description\":\"O Poder das Pedras\",\"potentialAction\":[{\"@type\":\"SearchAction\",\"target\":\"http:\/\/pepitta.odnet.com.br\/?s={search_term_string}\",\"query-input\":\"required name=search_term_string\"}],\"inLanguage\":\"pt-BR\"},{\"@type\":\"ImageObject\",\"@id\":\"http:\/\/pepitta.odnet.com.br\/index.php\/product\/brinco-gota-pedras-e-perola\/#primaryimage\",\"inLanguage\":\"pt-BR\",\"url\":\"http:\/\/pepitta.odnet.com.br\/wp-content\/uploads\/2020\/10\/2ec5fd8fdf9fd45c9bb0ce10f92ae9b9.jpg\",\"width\":940,\"height\":788},{\"@type\":\"WebPage\",\"@id\":\"http:\/\/pepitta.odnet.com.br\/index.php\/product\/brinco-gota-pedras-e-perola\/#webpage\",\"url\":\"http:\/\/pepitta.odnet.com.br\/index.php\/product\/brinco-gota-pedras-e-perola\/\",\"name\":\"Brinco Gota Pedras e P\\u00e9rola - Pepitta Store\",\"isPartOf\":{\"@id\":\"http:\/\/pepitta.odnet.com.br\/#website\"},\"primaryImageOfPage\":{\"@id\":\"http:\/\/pepitta.odnet.com.br\/index.php\/product\/brinco-gota-pedras-e-perola\/#primaryimage\"},\"datePublished\":\"2020-10-07T11:56:21+00:00\",\"dateModified\":\"2020-10-07T11:56:35+00:00\",\"inLanguage\":\"pt-BR\",\"potentialAction\":[{\"@type\":\"ReadAction\",\"target\":[\"http:\/\/pepitta.odnet.com.br\/index.php\/product\/brinco-gota-pedras-e-perola\/\"]}]}]}<\/script>\n<!-- \/ Yoast SEO plugin. -->","_links":{"self":[{"href":"http:\/\/pepitta.odnet.com.br\/index.php\/wp-json\/wp\/v2\/product\/8734"}],"collection":[{"href":"http:\/\/pepitta.odnet.com.br\/index.php\/wp-json\/wp\/v2\/product"}],"about":[{"href":"http:\/\/pepitta.odnet.com.br\/index.php\/wp-json\/wp\/v2\/types\/product"}],"replies":[{"embeddable":true,"href":"http:\/\/pepitta.odnet.com.br\/index.php\/wp-json\/wp\/v2\/comments?post=8734"}],"wp:featuredmedia":[{"embeddable":true,"href":"http:\/\/pepitta.odnet.com.br\/index.php\/wp-json\/wp\/v2\/media\/8733"}],"wp:attachment":[{"href":"http:\/\/pepitta.odnet.com.br\/index.php\/wp-json\/wp\/v2\/media?parent=8734"}],"curies":[{"name":"wp","href":"https:\/\/api.w.org\/{rel}","templated":true}]}}