{"id":8755,"date":"2020-10-07T11:59:07","date_gmt":"2020-10-07T11:59:07","guid":{"rendered":"http:\/\/pepitta.odnet.com.br\/index.php\/product\/japamala-de-pedra-da-lua\/"},"modified":"2020-10-07T11:59:07","modified_gmt":"2020-10-07T11:59:07","slug":"japamala-de-pedra-da-lua","status":"publish","type":"product","link":"http:\/\/pepitta.odnet.com.br\/index.php\/product\/japamala-de-pedra-da-lua\/","title":{"rendered":"Japamala de Pedra da Lua"},"content":{"rendered":"<p style=\"margin: 0cm;margin-bottom: .0001pt;background: white;vertical-align: baseline\"><span style=\"color: #050505;font-family: 'Segoe UI Historic', 'Segoe UI', Helvetica, Arial, sans-serif;font-size: 15px\">Japamala \u00e9 um tipo de ros\u00e1rio, de origem hindu\u00edsta e budista, que tem como principal fun\u00e7\u00e3o, auxiliar seu portador durante a pr\u00e1tica meditativa, pois o Japamala ajuda a manter a mente focada e livre de pensamentos.<\/span><br style=\"color: #050505;font-family: 'Segoe UI Historic', 'Segoe UI', Helvetica, Arial, sans-serif;font-size: 15px\" \/><span style=\"color: #050505;font-family: 'Segoe UI Historic', 'Segoe UI', Helvetica, Arial, sans-serif;font-size: 15px\">Este \u00e9 feito de Pedra da Lua, acredita-se que seja a pedra do destino. Ela \u00e9 muito ligada com a lua e com o divino feminino, tornando-a uma pedra muito \u00fatil para as mulheres.<\/span><br style=\"color: #050505;font-family: 'Segoe UI Historic', 'Segoe UI', Helvetica, Arial, sans-serif;font-size: 15px\" \/><span style=\"color: #050505;font-family: 'Segoe UI Historic', 'Segoe UI', Helvetica, Arial, sans-serif;font-size: 15px\">Hams\u00e1 \u00e9 uma imagem bastante escolhida entre o sexo feminino. Defende contra a inveja e o mau-olhado. Est\u00e1 relacionada ao poder, for\u00e7a e prote\u00e7\u00e3o.<\/span><\/p>\n","protected":false},"excerpt":{"rendered":"<p>Japamala \u00e9 um tipo de ros\u00e1rio, de origem hindu\u00edsta e budista, que tem como principal fun\u00e7\u00e3o, auxiliar seu portador durante a pr\u00e1tica meditativa, pois o Japamala ajuda a manter a mente focada e livre de pensamentos.Este \u00e9 feito de Pedra da Lua, acredita-se que seja a pedra do destino. Ela \u00e9 muito ligada com a&hellip; <a class=\"read-more-link\" href=\"http:\/\/pepitta.odnet.com.br\/index.php\/product\/japamala-de-pedra-da-lua\/\">Read More<\/a><\/p>\n","protected":false},"featured_media":8754,"comment_status":"open","ping_status":"closed","template":"","meta":[],"yoast_head":"<!-- This site is optimized with the Yoast SEO plugin v15.0 - https:\/\/yoast.com\/wordpress\/plugins\/seo\/ -->\n<title>Japamala de Pedra da Lua - Pepitta Store<\/title>\n<meta name=\"robots\" content=\"index, follow, max-snippet:-1, max-image-preview:large, max-video-preview:-1\" \/>\n<link rel=\"canonical\" href=\"http:\/\/pepitta.odnet.com.br\/index.php\/product\/japamala-de-pedra-da-lua\/\" \/>\n<meta property=\"og:locale\" content=\"pt_BR\" \/>\n<meta property=\"og:type\" content=\"article\" \/>\n<meta property=\"og:title\" content=\"Japamala de Pedra da Lua - Pepitta Store\" \/>\n<meta property=\"og:description\" content=\"Japamala \u00e9 um tipo de ros\u00e1rio, de origem hindu\u00edsta e budista, que tem como principal fun\u00e7\u00e3o, auxiliar seu portador durante a pr\u00e1tica meditativa, pois o Japamala ajuda a manter a mente focada e livre de pensamentos.Este \u00e9 feito de Pedra da Lua, acredita-se que seja a pedra do destino. Ela \u00e9 muito ligada com a&hellip; Read More\" \/>\n<meta property=\"og:url\" content=\"http:\/\/pepitta.odnet.com.br\/index.php\/product\/japamala-de-pedra-da-lua\/\" \/>\n<meta property=\"og:site_name\" content=\"Pepitta Store\" \/>\n<meta name=\"twitter:card\" content=\"summary_large_image\" \/>\n<script type=\"application\/ld+json\" class=\"yoast-schema-graph\">{\"@context\":\"https:\/\/schema.org\",\"@graph\":[{\"@type\":\"WebSite\",\"@id\":\"http:\/\/pepitta.odnet.com.br\/#website\",\"url\":\"http:\/\/pepitta.odnet.com.br\/\",\"name\":\"Pepitta Store\",\"description\":\"O Poder das Pedras\",\"potentialAction\":[{\"@type\":\"SearchAction\",\"target\":\"http:\/\/pepitta.odnet.com.br\/?s={search_term_string}\",\"query-input\":\"required name=search_term_string\"}],\"inLanguage\":\"pt-BR\"},{\"@type\":\"ImageObject\",\"@id\":\"http:\/\/pepitta.odnet.com.br\/index.php\/product\/japamala-de-pedra-da-lua\/#primaryimage\",\"inLanguage\":\"pt-BR\",\"url\":\"http:\/\/pepitta.odnet.com.br\/wp-content\/uploads\/2020\/10\/f441145326191b2fe1a42a79fe202058.jpg\",\"width\":500,\"height\":681},{\"@type\":\"WebPage\",\"@id\":\"http:\/\/pepitta.odnet.com.br\/index.php\/product\/japamala-de-pedra-da-lua\/#webpage\",\"url\":\"http:\/\/pepitta.odnet.com.br\/index.php\/product\/japamala-de-pedra-da-lua\/\",\"name\":\"Japamala de Pedra da Lua - Pepitta Store\",\"isPartOf\":{\"@id\":\"http:\/\/pepitta.odnet.com.br\/#website\"},\"primaryImageOfPage\":{\"@id\":\"http:\/\/pepitta.odnet.com.br\/index.php\/product\/japamala-de-pedra-da-lua\/#primaryimage\"},\"datePublished\":\"2020-10-07T11:59:07+00:00\",\"dateModified\":\"2020-10-07T11:59:07+00:00\",\"inLanguage\":\"pt-BR\",\"potentialAction\":[{\"@type\":\"ReadAction\",\"target\":[\"http:\/\/pepitta.odnet.com.br\/index.php\/product\/japamala-de-pedra-da-lua\/\"]}]}]}<\/script>\n<!-- \/ Yoast SEO plugin. -->","_links":{"self":[{"href":"http:\/\/pepitta.odnet.com.br\/index.php\/wp-json\/wp\/v2\/product\/8755"}],"collection":[{"href":"http:\/\/pepitta.odnet.com.br\/index.php\/wp-json\/wp\/v2\/product"}],"about":[{"href":"http:\/\/pepitta.odnet.com.br\/index.php\/wp-json\/wp\/v2\/types\/product"}],"replies":[{"embeddable":true,"href":"http:\/\/pepitta.odnet.com.br\/index.php\/wp-json\/wp\/v2\/comments?post=8755"}],"wp:featuredmedia":[{"embeddable":true,"href":"http:\/\/pepitta.odnet.com.br\/index.php\/wp-json\/wp\/v2\/media\/8754"}],"wp:attachment":[{"href":"http:\/\/pepitta.odnet.com.br\/index.php\/wp-json\/wp\/v2\/media?parent=8755"}],"curies":[{"name":"wp","href":"https:\/\/api.w.org\/{rel}","templated":true}]}}